4*j = v*q - j - 10. What is the highest common divisor of q and 1?
1
Suppose -5*h - 4*y = -700, 5*h - 3*y - 923 + 188 = 0. Calculate the greatest common factor of h and 360.
72
Suppose -5*z = 3*t - 852, 18*z - 852 = -3*t + 17*z. What is the highest common factor of t and 8?
4
Let s be 3/(-4)*2*-4. Let z(k) = k**3 - 8*k**2 + 9*k - 10. Let f be z(s). Let n = f - -47. What is the highest common factor of 38 and n?
19
Let y(x) = 3*x**2 + 9*x + 42. Let k be y(-5). Calculate the greatest common divisor of k and 45.
9
Let g be 2018/9 - 16/72. Let m be (-2)/(24/126)*56/(-21). What is the greatest common divisor of m and g?
28
Suppose -2*z + 14 = 4*p, -4*z - 4*p = -3*p - 14. Suppose z*x = 3, 5*r = -5*x + 70 + 70. Calculate the greatest common divisor of r and 27.
27
Suppose 4*a - f = 11, 2*a + 2 = 5*f + 3. Suppose -51 = -2*r + p, r - a = -0*r + 5*p. Suppose 4*v - 234 = -66. Calculate the highest common factor of r and v.
14
Let k be 15 - (-2 + -6 + 7). What is the greatest common factor of 16 and k?
16
Suppose -4*r + 1028 = -540. What is the greatest common divisor of 49 and r?
49
Suppose -94*s + 6964 = -1179 - 129. Let n be 0 + -1 + 2 + 65. What is the greatest common factor of s and n?
22
Suppose 9*k - 4*k = 0. Suppose -15 = -3*m, k*b - 2*m - 8 = -2*b. Let i = 7413 + -7404. Calculate the greatest common factor of b and i.
9
Let u be 1 + (-5)/15*3. Suppose -w = -y - 14, -4*w + u*w = -3*y - 60. What is the highest common factor of 90 and w?
18
Let t be (-1)/(-4)*-5*-4. Suppose -12*a + 525 + 135 = 0. Suppose -a - t = -4*u. Calculate the greatest common divisor of 15 and u.
15
Let m(c) = c**2 - 2*c. Let x be m(7). Suppose 13*j + 56 = 21*j. Suppose 168 = 5*b + j*b. What is the highest common divisor of x and b?
7
Let t = -213 + 333. Let u(o) = 11*o**2 + 37*o - 13. Let w be u(-4). What is the highest common divisor of w and t?
15
Suppose 0 = -24*y + 28*y - 104. Let i = y - 0. Suppose -a + 61 = -2*z, 12 = 5*z + 2. Calculate the greatest common factor of i and a.
13
Let x(b) = -b**2 - 17*b + 16. Let z be x(-17). What is the highest common factor of z and 20?
4
Suppose -3*f - 309 = -3*g + 207, 3*f - 498 = -3*g. Calculate the greatest common divisor of 39 and g.
13
Let i be 9 + (-15 - (11 - 19)). Let r(g) = 17*g**2 + g. Let j be r(-1). Calculate the greatest common divisor of i and j.
2
Suppose -41*l + 45*l - 108 = 0. Calculate the highest common divisor of 9 and l.
9
Let z be (-4)/(-14) - 500/(-14). Let x be 0/(2/(-4) + (-3)/6). Suppose x = -4*t - 3*t + 84. What is the highest common divisor of z and t?
12
Suppose 0 = -3*b - 311 + 542. What is the highest common divisor of b and 63?
7
Let r(n) = -155*n**3 - 2*n**2 - 4*n - 3. Suppose 4 = -2*z + 2*w, -2*z = -5*w + 2 + 5. Let y be r(z). Calculate the greatest common divisor of 22 and y.
22
Suppose p + 5*u = -17, -u - 4*u = -2*p + 26. Suppose -29 + 137 = p*d. Calculate the highest common divisor of 9 and d.
9
Suppose 4*h + 4 = 2*h. Let a be ((-4)/(-1))/((-2)/h). Let j be (-1928)/(-44) + 10/55. Calculate the highest common divisor of j and a.
4
Suppose 0 = -0*q + 2*q - 110. Suppose 2*c = -3*f + 19, 4*c + f - 46 = 3*f. Calculate the highest common factor of c and q.
11
Suppose -4*t - 268 = -4*w, w + 209*t = 214*t + 59. Let v be 18/(-4)*(-2)/3. Suppose 0*j - 69 = -v*j. What is the highest common factor of w and j?
23
Let l = -1547 + 1599. What is the greatest common factor of 48 and l?
4
Suppose -4*k - 570 = -5*d, 4*k = -9 - 11. What is the greatest common divisor of d and 30?
10
Suppose -2*k + 24 = -4*p, k + 7 = 4*p + 27. Let f be 6/k*14 - -2. Calculate the highest common divisor of 23 and f.
23
Let n = 940 - 923. Let x(u) = -u**3 - 5*u**2 - 4*u + 10. Let f be x(-7). Calculate the highest common divisor of f and n.
17
Let g be (2 - (-5)/(-4))/((-4)/(-752)). What is the highest common factor of 752 and g?
47
Let c = -594 + 841. What is the highest common factor of c and 152?
19
Let l be (-1287864)/(-486) - (-10)/135. Calculate the greatest common divisor of 50 and l.
50
Suppose -3*d - d = -12. Suppose 0*c + 4*c - 195 = d*y, 3*c = -y + 130. Suppose c - 18 = i. Calculate the highest common divisor of i and 18.
9
Let v = 184 - 197. Let i be (74/8)/((-5)/(-20)). Let u = i + v. Calculate the greatest common divisor of 60 and u.
12
Let t be (32/20 - 7)*(-20)/6. Calculate the highest common divisor of t and 216.
18
Let z = -141 + 191. Let q be (320/48)/(z/(-54) + 1). What is the highest common factor of q and 10?
10
Let u(k) = 3*k - 8. Let l be u(15). Let p = 257 - l. Suppose -5*t - 4*q = -p, 4*t + 0*t - q = 197. What is the greatest common factor of t and 72?
24
Suppose 35 = 2*z - 5*r, 2*r - r + 5 = 0. Suppose 0*h - 15 = -3*h. What is the greatest common factor of h and z?
5
Suppose 29*m - 116*m = -27927. What is the greatest common factor of 535 and m?
107
Suppose -5*t - 2*r = -180 - 107, -117 = -2*t - 3*r. Let d = t - 16. What is the greatest common divisor of d and 328?
41
Let f(y) = 24*y**3 - y**2 + 1. Let r = -3 - 2. Let s(p) = -p - 4. Let j be s(r). Let u be f(j). Calculate the highest common divisor of u and 72.
24
Let s(j) = j**2 + 3*j - 2. Let r be s(-4). Suppose 4*a - r*m = 3*m + 748, 4*a = m + 748. What is the greatest common divisor of 17 and a?
17
Suppose 33*u - 29188 = 42983. What is the highest common factor of u and 81?
81
Let l(x) = 59 + 5*x**2 - x**2 - 3*x - 49. Let r be l(3). What is the greatest common divisor of r and 333?
37
Let p be 10/(4 + 1) - -3. Calculate the highest common factor of p and 40.
5
Let d = 40 - 23. Let r = d - 15. Suppose 105 = -p + r*p. What is the greatest common factor of p and 21?
21
Let f = 0 + 3. Suppose 0 = 3*d - 6, 2*m - 6*m = -d - 46. Calculate the highest common divisor of m and f.
3
Suppose 5*g - 5*d = 35, g + d = -g + 2. Calculate the highest common factor of g and 105.
3
Suppose 5*y - 12 = 4*y. Let u(c) = 2*c**3 - c**2 - 2*c + 12. Let o be u(0). Calculate the greatest common divisor of y and o.
12
Suppose 9 = 2*y + 3*v, -v + 24 = 5*y - 31. Let i = -91 - -16. Let d = i + 81. Calculate the highest common divisor of y and d.
6
Suppose 0 = 2*w + 2, 2*n + 5*w + 5 = 72. What is the greatest common factor of 276 and n?
12
Let o(l) = 15*l - 1017. Let u be o(71). Calculate the greatest common factor of 32 and u.
16
Let u be (-55)/(-25)*(63 + (0 - -2)). What is the highest common divisor of 78 and u?
13
Let l(p) = -p**3 + 8*p**2 + 71*p - 12. Let m be l(11). Calculate the greatest common divisor of m and 28.
14
Let x = 45 - 40. Suppose -21 = x*z - 61. Calculate the highest common divisor of z and 1.
1
Let q = 2036 - 2032. What is the greatest common divisor of q and 128?
4
Suppose -5*n + 0*n = -160. Let j be n/(-56) + (-512)/(-14). Calculate the highest common divisor of j and 144.
36
Let c = -185 + 193. Calculate the highest common factor of c and 4.
4
Suppose 0*k = 3*r + 4*k - 7, k - 7 = r. Let f be (r/(-12))/(2/104). What is the greatest common divisor of 65 and f?
13
Let z = -8 - -12. Suppose -2*n - 5*w + 83 = 0, -n - 4*w + 7 = -39. Suppose z*a - 50 = n. What is the highest common divisor of 3 and a?
3
Let q = -203 + 226. Calculate the greatest common factor of q and 1.
1
Let q be (-15 - 0)/((-6)/4). Let l be (-3)/((-3)/(-4)) + 7. Suppose 3*s = -l*r + 6*s, 3*s - 24 = -3*r. Calculate the greatest common divisor of q and r.
2
Let j be (-2 - 0/1)*-5. Let v = j - -9. Let p be -1 + (v - 0) + -2. Calculate the greatest common divisor of 8 and p.
8
Let p be (1/2)/((-14)/(-420)). Suppose -p*w + 3*w = -3132. What is the highest common divisor of 29 and w?
29
Suppose -2*l - 5 = 7. Let u be (-3 + 2)/(2/l). Suppose -g = u*r - 403, -r + 3*g - g = -146. Calculate the greatest common divisor of 17 and r.
17
Suppose -684*b + 1458 = -682*b. What is the greatest common divisor of 54 and b?
27
Let t = -34 - -42. Let l = 1 + t. What is the highest common factor of l and 72?
9
Let h(f) = -4*f**3 - 2*f**2 + 3*f + 3. Let y be h(-1). Let v(k) = -k**2 + 8*k - 4. Let u be v(6). What is the greatest common divisor of y and u?
2
Let r be (-31488)/(-216) - (-4)/18 - 6. Calculate the greatest common factor of 196 and r.
28
Let s(u) = -u**2 + 12*u + 5. Let n be s(12). Suppose 2*g = -n*j + g + 545, 3*g - 315 = -3*j. Calculate the greatest common divisor of 44 and j.
22
Suppose 0 = 25*h - 5*h - 200. Wha